uppose -2*v = -0*v - 28. Calculate the highest common factor of v and p.
14
Let u(m) = 6*m - 28. Let z be u(10). Calculate the highest common divisor of 24 and z.
8
Suppose -57 = 5*l - 8*l. What is the greatest common divisor of 38 and l?
19
Let z be (-6)/(-24) + (-599)/(-4). Suppose 3*a - z = -0*a. Calculate the highest common factor of 10 and a.
10
Suppose 0 = 2*n + 5*y - 1, -3*n + 8 = -n - 2*y. Suppose -n*p + 631 = 241. What is the greatest common factor of 13 and p?
13
Suppose -2*k = -9 - 27. Calculate the greatest common divisor of k and 2.
2
Suppose 0 = 3*q - 1 + 4. Let u be -2 + 7 + 3 - q. Let w(j) = -j + 2. Let b be w(1). Calculate the greatest common factor of u and b.
1
Let a(m) = 14*m + 10. Let p be a(5). What is the highest common factor of 16 and p?
16
Suppose -32 = -15*f + 11*f. What is the greatest common factor of f and 56?
8
Suppose 3*z + 80 = 7*z. Calculate the greatest common divisor of z and 50.
10
Let i = 57 + -17. What is the greatest common factor of 160 and i?
40
Let k = 6 - 7. Let u be (0 + 1)*(0 - k). Calculate the greatest common divisor of 8 and u.
1
Suppose -3*d + 162 = 3*o + d, 4*o - 5*d = 185. Let z be 2 - 1/(1/36). Let j = z + o. Calculate the highest common divisor of 2 and j.
2
Suppose 3*p = 4*t - 72, 3*t + 8 = -p - t. Let d = p - -30. Calculate the highest common factor of 20 and d.
10
Suppose -2*m - 2*c - c = -19, -3*c + 27 = 3*m. Let b be 258/24 + 2/m. Calculate the highest common divisor of b and 33.
11
Let n = -78 - -86. Calculate the highest common factor of n and 32.
8
Let s(x) = 24*x**2 + x - 1. Let d be s(1). Let y be d/3 + 16/4. What is the greatest common factor of y and 60?
12
Let z = -49 - -130. What is the greatest common divisor of 9 and z?
9
Suppose 0 = a - 3*o - 2, -4 + 10 = 3*a - 4*o. Suppose -a*l + 14 + 10 = 0. Calculate the greatest common factor of l and 18.
6
Let l(r) = -6*r**2 + r. Let j(c) = -7*c**2 - 1. Let z(k) = 5*j(k) - 6*l(k). Let n be z(6). Let f = 17 - n. Calculate the highest common factor of f and 55.
11
Suppose 3*x - 46 = -2*y - 2*y, -2*y = -5*x + 42. What is the highest common divisor of 30 and x?
10
Suppose -364 = -2*z - 2*z. What is the highest common factor of z and 13?
13
Let d be (5/(10/16))/2. Calculate the highest common divisor of 20 and d.
4
Let i be (6/8 + (-5)/20)*12. What is the greatest common divisor of i and 8?
2
Let u(x) = x**3 + 7*x**2 + 5*x + 3. Let d be u(-3). What is the greatest common divisor of d and 8?
8
Let k be (-24)/(-15) - (-8)/20. Calculate the highest common divisor of 8 and k.
2
Let r be 130/(-4)*(-24)/10. Suppose 3*f - r + 18 = -j, -5*j - 3*f = -300. What is the greatest common divisor of 12 and j?
12
Let h be 21 - (0/2)/3. What is the greatest common divisor of 231 and h?
21
Suppose -6*o = -111 - 33. What is the greatest common divisor of o and 48?
24
Let a be 27105/260 - (-3)/4. Let t(x) = -3*x**3 - x**2 + 3*x + 1. Let k be t(-2). Calculate the greatest common factor of k and a.
15
Suppose q + 7 = 2*q. Let m(g) = g**2 - 4*g + 6. Let o be m(q). Calculate the highest common factor of 3 and o.
3
Suppose -w - 5*q + 14 = -7, -15 = -3*w - 3*q. Let s be w/(-2)*(-630)/9. Calculate the highest common divisor of s and 7.
7
Suppose -3*c + 595 = 4*h, -4*h - 309 + 874 = -3*c. What is the greatest common divisor of h and 58?
29
Let s(q) = q**3 + 4*q**2 - 7*q - 9. Let j be s(-5). What is the greatest common factor of 8 and j?
1
Let i(o) = -11*o**3 - 2*o - 2. Let g be i(-2). Let u(t) = 3*t + 1. Let q be u(3). Calculate the highest common divisor of q and g.
10
Suppose 1 + 35 = 4*c. What is the greatest common divisor of 18 and c?
9
Let a = 8 - -5. Calculate the greatest common factor of 104 and a.
13
Suppose -2 = -2*d + 3*d + l, 2*d = 4*l + 26. Suppose d*v = -v + 156. What is the greatest common divisor of v and 13?
13
Let s be 2 + (-7 - -2) + 23. What is the highest common factor of s and 10?
10
Let c = -49 + 58. Suppose 3*q + 2*q + 4*j - 11 = 0, -5*j = 5. What is the greatest common divisor of q and c?
3
Let h = -17 + 29. Suppose -10 - 6 = -4*w. Calculate the greatest common factor of w and h.
4
Let i(b) = 2*b**2 - 5*b + 2. Let p = -1 + 4. Let j be i(p). Suppose 0*n + 4*n - 37 = -3*x, -j*x = -5*n - 50. Calculate the greatest common divisor of 88 and x.
11
Let o = -1 + 2. Suppose -b = 3*i - 3*b + 8, 0 = -3*b + 3. Let y be 10 - (2/(-1) - i). Calculate the greatest common factor of o and y.
1
Let f be (-24)/28*-3*14. What is the highest common divisor of 24 and f?
12
Let d be -2 + 1 + (-488)/(-2). Suppose 3*c = -0*c + d. Calculate the greatest common divisor of 9 and c.
9
Suppose 0 = 5*m - 10*m + 20. Let f(v) = v**2 - v - 5. Let j be f(m). Let p = -51 - -65. What is the highest common factor of j and p?
7
Suppose -2*q - 18 = -4*q. What is the highest common divisor of 1 and q?
1
Suppose -34*o + 37*o = 87. Calculate the highest common divisor of 145 and o.
29
Let a(r) = 4*r**2 + 3*r. Let k be a(-3). Calculate the highest common factor of 3 and k.
3
Let o = -16 - -22. Let j(i) = 5*i - 6. Let f be j(o). What is the highest common divisor of 168 and f?
24
Let b(t) = 20*t + 3. Let j(h) = 0 + 7*h - 1 + 2. Let c(p) = -6*b(p) + 17*j(p). Let o be c(-3). Calculate the greatest common factor of o and 2.
2
Let s(n) = -n**2 - 15*n - 4. Let m be s(-14). What is the highest common divisor of m and 30?
10
Let c(w) = w**3 - 7*w**2 - 2*w + 7. Let i be c(5). Let k = -25 - i. Calculate the highest common factor of 4 and k.
4
Suppose -3*k + 4*k = 0. Suppose k = 5*n - 109 - 51. Let a = n - 18. Calculate the highest common factor of a and 70.
14
Let u be 139*1 - 7/(-7). What is the greatest common divisor of 20 and u?
20
Let f be (-7)/(2*4/(-256)). Calculate the greatest common factor of 32 and f.
32
Let l = 12 + -22. Let x be (-1036)/l + 6/15. What is the greatest common factor of 13 and x?
13
Let c(t) = 88*t. Let u be c(3). Suppose 9*x - 10 = -n + 14*x, 3*x = 4*n - 6. Suppose -a + 4*a - u = n. What is the greatest common divisor of a and 11?
11
Suppose -d = -0*s + 3*s - 27, 3*s = 5*d + 45. Let g be 28/5*s/4. Calculate the highest common divisor of g and 2.
2
Suppose 0 = -5*y + 8*y - i - 202, 2*y - 140 = -2*i. Calculate the greatest common factor of 544 and y.
68
Suppose -6*x = -3*x + 9, 4*g - 79 = -3*x. Let y be (-20)/110 - (-334)/g. What is the highest common divisor of 135 and y?
15
Let a(x) = -1 - 8*x + 0 - 12*x. Suppose -13 + 1 = 2*v - s, -28 = 4*v - 4*s. Let m be a(v). Calculate the greatest common factor of 9 and m.
9
Let z(q) = -4 + 22 - 5 + 51*q. Let v(b) = 17*b + 4. Let g(y) = -7*v(y) + 2*z(y). Let f be g(-3). Calculate the greatest common divisor of f and 7.
7
Suppose 0 = -2*n - 3 - 1. Let i be 7 + -4 + n/(-1). Suppose -x - b + 1 + i = 0, 2*b = 2*x - 28. What is the highest common divisor of x and 70?
10
Let v = -5 - -15. Calculate the greatest common factor of 15 and v.
5
Let s be -10 - (3 - -3)/3. Let n be (-4)/(-6)*s/(-4). Calculate the highest common factor of n and 8.
2
Let t(f) = f**2 + 3*f + 4. Let i be t(-3). Let j(o) = 4*o**2 - 5*o - 2. Let h be j(i). What is the greatest common factor of 6 and h?
6
Let j = 459 - 299. Calculate the greatest common factor of j and 20.
20
Let v = 32 + -12. Let t(l) = 12*l**2 + 2. Let f be t(2). Calculate the highest common factor of v and f.
10
Let a be 0 + 2 - (5 - 10). Calculate the greatest common divisor of 7 and a.
7
Let l(p) = p + 1. Let w(z) = -3*z + 0 - 3 - 8*z. Let n(c) = 2*l(c) + w(c). Let y be n(-1). Calculate the highest common factor of y and 24.
8
Let x(y) = -2*y**2 - 32*y + 1. Let u be x(-16). Let v = -5 + 9. What is the greatest common divisor of u and v?
1
Suppose 172 = 5*t - 4*t. Let o = -87 + t. Let l = o + -57. What is the highest common divisor of l and 42?
14
Suppose 0 = -2*i + 2 + 6. Suppose -3*c + i*t - 21 = -89, -t = c - 32. Suppose c = -n + 3*n. What is the greatest common divisor of n and 14?
14
Suppose 4 + 8 = 3*m. Let t be 426/27 - m/(-18). Let v be -1*(-1)/1 + 7. What is the greatest common divisor of t and v?
8
Let o be (8/(-12))/(1/3). Let l be (3/((-6)/16))/o. Suppose 0 = 5*v - 2*f - 14, -2*v - 4 = -6*v + 4*f. Calculate the highest common factor of v and l.
4
Suppose -4*v - v = 5*u + 15, -3*u - v = -1. What is the highest common factor of 8 and u?
2
Let k = -149 - -275. What is the greatest c